(l).
-20
Let d(f) = -17*f - 47. Let b be d(7). Let w = b + 167. Let j(n) = 16*n. Give j(w).
16
Let y(v) be the third derivative of v**4/12 - 26*v**3/3 + v**2 + 3*v + 430. Determine y(25).
-2
Let l(b) = -7*b**3 + 3*b**2 + 15*b - 1. Let y(k) = -6*k**3 + 3*k**2 + 15*k - 1. Let r(t) = 5*l(t) - 6*y(t). Give r(-3).
-8
Let r(u) = -u**2 - 5*u - 4. Let x be r(-5). Let n(m) = m**2 + m - 1. Let p(h) = -3*h + 4. Let t = 21 + -20. Let f(i) = t*n(i) - p(i). Determine f(x).
-5
Let b(g) = 7*g**2 - 28 - g**3 - 27 + 61 - 9*g. Let i = 47 + -43. Suppose -16 = -2*k - 2*m, -3*m = -i*m + 2. Give b(k).
-12
Suppose -4*p - 4*a = -0*p - 28, 46 = 3*p - 2*a. Suppose -2*o + 3*o = -3*l + p, -4*o - 2*l = -58. Let j(z) = z**2 - 15*z - 9. Determine j(o).
-9
Let v be (-1 + 2/(-20)*-5)/((-9)/(-72)). Let k(u) = 22*u - 6. Calculate k(v).
-94
Let u(f) = 16*f + 1. Let l(h) = 3*h**2 - 4*h**2 - h**3 - 3*h**2 - 1 - 2*h**2. Let s be l(-6). What is u(s)?
-15
Let h(z) = -z - 8. Let s = -369 - -479. Let b = s + -116. Give h(b).
-2
Let y(o) = -o**2 - 21*o - 109. Suppose -h = -r + 1, 3*r + 43 = h + 32. Determine y(r).
-19
Let q(l) = -l**3 + l**2 + 2*l + 4. Let d(z) = 6*z**3 - 21*z - 43. Let o(j) = d(j) + 5*q(j). Give o(-5).
32
Let b(f) = f**3 + 12*f**2 + 16*f + 21. Let v = 11708 + -11719. Give b(v).
-34
Let m(z) be the first derivative of z**5/24 - z**3 - 13*z - 59. Let v(x) be the third derivative of m(x). Calculate v(-1).
-5
Let q(p) be the second derivative of p**3/2 - 2*p**2 + p. Suppose 43*x + 83 + 46 = 0. What is q(x)?
-13
Let t(g) = -7 + 5 + 11*g - 8 - 6*g - 15. What is t(0)?
-25
Let l(w) be the third derivative of w**5/60 - 5*w**4/4 + 17*w**3 - 22*w**2 - 7*w. Calculate l(26).
-2
Suppose 5*x + 38 = 35*w - 37*w, 0 = 4*w - x + 10. Let n(b) = b**3 + 2*b**2 - 9*b - 4. Give n(w).
0
Let n(u) = 3*u**2 - 4*u - u**2 - 4*u**2. Let k(q) = 7*q + 135. Let y be k(-19). Suppose 0 = -a, -3*h + 4 = -y*a + 16. Determine n(h).
-16
Let k(d) = d**2 + 3*d - 1. Let h be 40 + (1 - 2)/1. Let a = 43 - h. Suppose 0 = z + 3*u - 5*u - 1, -2*z + a = -5*u. Calculate k(z).
-1
Suppose 4 + 8 = 4*d. Suppose 0 = -d*s - 4*h + 18, -s + 2*h + 5 + 1 = 0. Let q(n) = -s*n**2 + 0*n**2 + 5*n**2 - 3 - 6*n. Determine q(-2).
5
Let a(m) = -5*m - 3. Let h(u) = -u**3 - 6*u**2 + 5*u - 11. Let y = 365 + -372. Let x be h(y). Give a(x).
-18
Let t(d) be the first derivative of -5*d**2 + 8*d + 7109. Calculate t(3).
-22
Let o(h) = 2 + 24*h + 3 - 1 + 2 + 0*h**2 - 2*h**2. Calculate o(11).
28
Suppose -2*m - 64 = 5*c, m = -4*m - 10. Let y = 4 + c. Let f(v) be the first derivative of v**4/4 + 7*v**3/3 - 7*v**2/2 + 9*v + 347. Determine f(y).
1
Let m be ((-2)/1)/(-4 + 2). Let u(w) be the third derivative of -3*w**4/8 - 3*w**2 + 21. Calculate u(m).
-9
Let f(x) = -4*x. Let b(h) = -h**2 + 32*h + 4. Let t(u) = b(u) + 7*f(u). What is t(-6)?
-56
Let f(v) = -115*v + 10*v**2 + 90*v + 28 + 34*v + v**3. What is f(-9)?
28
Suppose k = w - 5, w + 78 = -2*k + 92. Let d(n) be the second derivative of 5/6*n**3 + 45*n - k*n**2 + 0. Give d(6).
24
Let a(s) = s**2 + 8*s - 36. Let c be (65/(-50) - (-33)/110)/(2/(-6)). Calculate a(c).
-3
Let l be (-26)/4 - (-3)/(-6). Let v = 445 - 446. Let d(n) = -2*n - 4. Let p(y) = 2. Let j(q) = v*d(q) - 5*p(q). Calculate j(l).
-20
Let q(z) = z**3 - 16*z**2 - 6*z - 9. Let m(p) = 3*p**3 - 63*p**2 - 25*p - 36. Let f(o) = -3*m(o) + 11*q(o). Calculate f(-6).
-9
Let y(j) = j**2 + 12*j + 4. Let p(l) = 4*l**2 + 43*l + 11. Let m(g) = 2*p(g) - 7*y(g). Calculate m(0).
-6
Let b(x) = 8*x**3 - 37*x**2 + 39*x - 92. Let r(i) = 3*i**3 + 2*i**2 - i - 2. Let m(d) = -b(d) + 3*r(d). Determine m(-44).
-2
Let j(a) = a + 14. Let d be -12 - ((-24)/2)/(-12). What is j(d)?
1
Let t(r) = 14*r**2 + r. Let d(z) = -4*z**3 + 8*z**2 - 3*z + 4. Let w be d(2). Determine t(w).
54
Let a(u) = u**3 + 2*u**2 + u. Let f = -2 - -4. Let k be 1 - -1 - (1 + 4 - 5). Let i be (k*2)/((-7)/(7/f)). What is a(i)?
-2
Let q(t) be the third derivative of t**5/30 + 7*t**4/8 - 13*t**3/3 - 1023*t**2 + 1. Give q(-12).
10
Let t(p) = -p**2 - p + 7. Let n(i) = -6*i**2 - 13*i + 82. Let k(c) = -n(c) + 5*t(c). Give k(-13).
18
Let q(y) = -2*y**3 + 1. Suppose 2*l - 31 = 51. Let m = l - 31. Suppose -m*s = -5*s - 5. Give q(s).
-1
Let j(w) be the third derivative of -7*w**5/60 - 17*w**4/12 + w**3 + 5*w**2 + 34*w - 3. Determine j(-5).
1
Let a = 113 + -189. Let y = a - -114. Suppose 4*z + y = 30. Let n(b) = b + 2. Give n(z).
0
Let x(m) = m**2 - 4*m - 5. Suppose 9324*a - 9323*a - 7 = 0. Calculate x(a).
16
Let b(s) be the second derivative of -5*s**4/12 + 3*s**3 + 4*s**2 - 687*s. Give b(4).
0
Let x(b) = 7 - 18*b + 5 - 20 + b. Let v(h) = 9*h + 4. Let u(c) = -11*v(c) - 6*x(c). Let o(y) = 4*y + 5. Let l(z) = -4*o(z) + 5*u(z). Give l(4).
-4
Suppose -1976 = -9*t + 28*t. Let d = -111 - t. Let f(j) = j**2 + 10*j + 16. Determine f(d).
-5
Let a(m) = -m**3 + 9*m**2 - 8*m - 8. Let y(f) = -35 - f + 72 - 29 + 2*f. Let d be y(0). What is a(d)?
-8
Let g(y) be the third derivative of 1/60*y**5 + 0 + y**2 + y**3 + 0*y - 1/2*y**4. Suppose -994 - 164 = -97*i - 333 + 339. Determine g(i).
6
Let d(z) = -z**2 + 12*z - 21. Let n be 1/2 - (-27)/(-42) - (-3266)/322. Determine d(n).
-1
Let o(y) be the second derivative of -y**5/20 + 5*y**4/4 - y**3/3 + 11*y**2 + 3*y. Let a be o(15). Let v(s) = s**3 + 9*s**2 + 8*s + 10. What is v(a)?
10
Let o be (450/(-54) + 9)/(44/(-21) - -2). Let n(r) = -r + 5. Calculate n(o).
12
Let t(w) be the third derivative of w**6/60 + 9*w**5/20 - 17*w**4/24 - 20*w**3/3 + 100*w**2 + 5*w. Give t(-14).
2
Let i be ((-3 - -14) + -12)/(-1). Suppose -3*p - x + 4 = 0, 2*x - 4*x = -2. Let b(o) = 0 + 2*o**3 - 2*o + p - 12*o**3. Determine b(i).
-11
Let g(u) be the third derivative of -5*u**2 + 1/3*u**3 + 0*u**5 + 1/120*u**6 + 0 - 1/24*u**4 + 0*u. Let p = 789 - 791. What is g(p)?
-4
Let a(g) = g**2 - 30*g + 230. Let z be a(11). Let j(v) = v**3 - 22*v**2 + 19*v + 13. Calculate j(z).
-29
Let f(g) = -7*g + 5*g**2 - 7*g**3 - 11229 + 11231 + 8*g**3. Calculate f(-6).
8
Let i(a) = 5*a - 3. Suppose 129*b - 348 = 117*b. Suppose 6*h = b*h - 92. Calculate i(h).
17
Let x = -33 - -41. Let o be 104/(-39)*(-6)/x. Suppose o*t + 10*t - 24 = 0. Let u(v) = -2*v**3 - 2*v + 3. What is u(t)?
-17
Let j(z) be the third derivative of -7/2*z**3 + 107*z**2 + 0 + 0*z - 1/8*z**4. Calculate j(-11).
12
Let k(q) = -6*q + 5. Let p be 10/8 + -4 + 990/40. Suppose 3*u - 2*s = -4*s + p, 4*u - 41 = -5*s. Give k(u).
-19
Let m(q) = q**2 - 7*q + 5. Suppose 664 = -15*x + 439. Let f = 47 + -32. Let y be (1 + 9/f)/((-6)/x). Calculate m(y).
-7
Let y(b) = -122 - 242 - 55 + 191 + b - 11*b. Determine y(-23).
2
Suppose 9*d = 2*x + 4*d + 9, -5*x - 31 = -4*d. Let r(p) be the second derivative of p**3/2 + p**2/2 - 69*p + 1. Calculate r(x).
-20
Let z(a) = -2 + 1 + 2 - a - 4. Suppose 48*c + 5*c = 72 + 140. Calculate z(c).
-7
Let p(g) = 5042 + 5041 - 31*g - 10130. Give p(-2).
15
Let q = -12 + 23. Let a = -13 + q. Let b(f) = -f + 3*f + 0*f + 0*f. Give b(a).
-4
Let s be (3/6)/(38/(-836)) - -6. Let x(z) = z**3 + 4*z**2 - 9*z + 17. Give x(s).
37
Let x(d) = d**3 - d**2 - d - 4. Suppose 25*a - 30 = 15*a. Suppose y - 9 = -a*v, 0 = -4*y - 2*v + 1 + 5. Give x(y).
-4
Let x(u) = u - 7. Let t(r) = r**3 + 20*r**2 + 19*r + 8. Let b be t(-19). Suppose 0 = -b*k - 9 + 65. What is x(k)?
0
Let a(c) = -7*c + 10. Let v be (-34 + 37)/(3*-1). Let w(q) = -4*q - 1. Let y(j) = v*a(j) + 2*w(j). Give y(-16).
4
Let r be -12*(-3 + -3)*(-3)/(-12). Let w(l) = -9*l - 3*l + 0*l - l**3 + 10 + 7*l**2 + r*l. What is w(8)?
-6
Let j = -135 + 98. Let c(a) = -4*a**2 + 7*a - 6. Let v be c(4). Let o = j - v. Let r(z) = -3*z - 2. Give r(o).
-17
Suppose -48 = -6*d + d + 3*m, m = 4*d - 44. Suppose 108 + d = 20*i. Let g(x) = -x**2 + 3*x - 6. Give g(i).
-24
Let z(c) = -c**2 - 16*c - 55. Let s be (-4)/120*-2 - 1372/105. Calculate z(s).
-16
Let o(f) = -4*f**2 - 179*f + 418. Let a(q) = -2*q**2 - 89*q + 177. Let j(g) = -5*a(g) + 2*o(g). Determine j(-44).
-5
Let q(a) = -a**2 - 14*a + 46. Suppose -7*x - 100 = -23 + 42. What is q(x)?
-5
Let d = 220 - 168. Let j(n) = -8*n**2 + 9 - d*n + 58*n - 4*n**3 + 5*n**3. Suppose -5*f + 17 + 23 = -i, 3*i = -15. What is j(f)?
2
Let x(b) = 22 - 9*b + 1 - 2*b**2 - 46 + 5 + b**2. What is x(-4)?
2
Let h(j) be the third derivative of -j**5/60 + j**4/2 - 29*j**3/6 - 6269*j**2. Determine h(12